 + 319*k + 4749. Give s(-32).
-1363
Let v(t) = -125886*t - 503535. What is v(-4)?
9
Let k(t) = -113*t + 182. What is k(8)?
-722
Let o(i) = 15*i**3 + 33*i**2 - 56*i + 6. Calculate o(5).
2426
Let f(w) = -w**3 + 44*w**2 + 3941*w - 121191. Calculate f(75).
9
Let i(x) = -444206*x + 82. Calculate i(0).
82
Let o(f) = -433*f**3 + 2600*f**2 + f - 20. Give o(6).
58
Let b(g) = 42376*g - 932283. Calculate b(22).
-11
Let h(f) = -4007*f - 48556. What is h(-12)?
-472
Let z(d) = -52*d**3 + 197*d**2 + 14*d - 89. What is z(4)?
-209
Let l(k) = 3*k**2 + 168*k - 4058. Give l(25).
2017
Let l(h) = 4*h**2 - 4*h - 15124. Give l(-61).
4
Let h(u) = -7*u**2 - 4287*u + 83979. Give h(19).
-1
Let i(v) = -9825*v - 19577. Calculate i(-2).
73
Let v(w) = w**3 + 12*w**2 - 220*w - 376. Calculate v(-18).
1640
Let r(o) = 253*o + 2186. What is r(-6)?
668
Let l(i) = -137728*i + 7575048. What is l(55)?
8
Let c(q) = -13*q**2 + 250*q - 409. Give c(2).
39
Let s(u) = -7960*u + 31757. Calculate s(4).
-83
Let a(t) = 2*t**3 - 257*t**2 - 10*t - 3. What is a(0)?
-3
Let z(b) = 2*b**2 + 4108*b - 4108. Give z(1).
2
Let t(b) = -12960*b - 544323. Calculate t(-42).
-3
Let t(p) = 721*p - 1831. Calculate t(2).
-389
Let f(z) = -6*z**3 - 15*z**2 - 35*z - 92. Calculate f(-6).
874
Let h(x) = x**3 - 8*x**2 - 53*x + 11. Determine h(12).
-49
Let a(o) = -o**3 - 338*o**2 - 4835*o + 3210. Give a(-323).
-20
Let n(v) = -v**3 + 28*v**2 - 12888*v + 51159. Determine n(4).
-9
Let r(a) = 786*a - 396. Calculate r(1).
390
Let l(p) = 2*p**3 - 14*p**2 + 28*p + 35. Give l(7).
231
Let r(u) = 6*u**2 + 3281*u - 30018. What is r(9)?
-3
Let n(h) = -4462*h + 62411. What is n(14)?
-57
Let y(u) = -1032*u - 23404. What is y(-23)?
332
Let p(z) = 2*z**2 - 13266*z + 369897. What is p(28)?
17
Let b(w) = -2*w**2 - 1592*w + 270709. Calculate b(144).
-11
Let u(m) = -2191*m + 2848306. Give u(1300).
6
Let x(u) = 119*u**2 + 2385*u + 101. Calculate x(-20).
1
Let z(w) = w**3 - 100*w**2 - 212*w + 708. Determine z(102).
-108
Let g(w) = -14144*w - 99002. Give g(-7).
6
Let s(i) = -2*i**3 + 9*i**2 + 172*i + 241. Give s(14).
-1075
Let r(d) = 216*d**2 - 225778*d + 60619. What is r(1045)?
9
Let t(r) = 43*r**2 + 5684*r + 1336. Calculate t(-132).
280
Let z(s) = -72*s**2 + 29311*s + 58629. Give z(-2).
-281
Let g(y) = -1391*y + 1471. What is g(1)?
80
Let d(w) = -7*w**3 - 55*w**2 - 31*w - 36. Calculate d(-9).
891
Let z(t) = -5*t**3 + 41*t**2 + 92*t - 3. Calculate z(10).
17
Let s(w) = -w**3 + 22*w**2 - 91*w - 443. Determine s(19).
-1089
Let m(b) = -32646*b + 32623. Determine m(1).
-23
Let h(r) = -r**2 - 3419*r - 88161. Give h(-26).
57
Let r(g) = g**3 - 3*g**2 - 577*g - 1524. Give r(-21).
9
Let c(p) = 21731*p - 9. Calculate c(0).
-9
Let q(i) = 28*i**2 - 1053*i + 4125. Calculate q(4).
361
Let q(s) = 342*s + 10762. What is q(-31)?
160
Let r(i) = i**2 + 1481*i - 116237. Give r(75).
463
Let m(o) = -o**2 + 3591*o + 43268. Give m(-12).
32
Let n(v) = 21333*v + 1344001. Calculate n(-63).
22
Let j(l) = -l**3 + 14904*l**2 - 401680*l + 38. Calculate j(27).
11
Let u(x) = 165*x - 25898. Determine u(159).
337
Let w(i) = 233098*i + 47785085. What is w(-205)?
-5
Let b(g) = -4*g**3 - 93*g**2 - 50*g - 147. Determine b(-24).
2781
Let l(i) = 4*i**2 + 292824*i + 2049574. What is l(-7)?
2
Let i(z) = 118*z**3 - 115*z**2 + 218*z - 209. Calculate i(1).
12
Let u(p) = 2093*p - 73088. Give u(35).
167
Let f(v) = 137*v**2 + 8626*v - 324. Determine f(-63).
-9
Let s(y) = 3*y**2 - 4473*y + 8935. Determine s(2).
1
Let j(x) = 1473*x + 76591. Calculate j(-52).
-5
Let b(t) = -21*t**3 - 78*t**2 + 55*t + 107. Give b(-2).
-147
Let o(w) = -81583*w + 7260898. Give o(89).
11
Let w(m) = -m**3 + 11*m**2 + 576*m + 43. Determine w(-19).
-71
Let x(b) = -48*b**3 - 3*b**2 + 1190*b - 1190. Determine x(1).
-51
Let v(q) = 2343*q + 7999. What is v(-3)?
970
Let l(a) = -a**2 - 78*a - 1509. What is l(-42)?
3
Let z(v) = -402*v - 7230. Determine z(-15).
-1200
Let s(i) = 316*i**2 + 3*i + 303. Give s(0).
303
Let t(a) = -529081*a - 6348966. Determine t(-12).
6
Let q(u) = u**2 + 5015*u + 477029. What is q(-97)?
-17
Let b(c) = -639*c + 3150. Determine b(5).
-45
Let s(x) = x**3 - 41*x**2 - 391*x - 13. Determine s(-8).
-21
Let r(o) = 7*o**2 + 5178*o - 54018. What is r(-750)?
-18
Let h(p) = 225*p + 6253. Determine h(-28).
-47
Let x(v) = -v**3 + 230*v**2 - 13181*v - 703. Calculate x(121).
265
Let k(j) = 1841*j**2 + 12870*j + 17. What is k(-7)?
136
Let k(c) = -2234*c - 2182621. Give k(-977).
-3
Let i(m) = -886*m - 1998. Determine i(-2).
-226
Let i(b) = 2*b**2 - 5299*b - 403079. What is i(-74)?
-1
Let x(f) = -f**2 + 22986*f - 2083459. What is x(91)?
-14
Let i(s) = -27*s**2 - 2987*s + 1108. What is i(-111)?
-2
Let w(s) = 2*s**2 - 918*s + 32006. Determine w(421).
10
Let z(p) = -15703*p + 1428842. Calculate z(91).
-131
Let k(y) = 5182*y + 803215. What is k(-155)?
5
Let c(l) = -151*l - 49706. Calculate c(-329).
-27
Let d(v) = -v**2 + 187*v - 3780. Give d(23).
-8
Let w(m) = 5*m**3 + 956*m**2 + 181*m - 1919. What is w(-191)?
-9
Let x(h) = h**3 + 56*h**2 + 486*h - 437. Calculate x(-45).
-32
Let j(u) = -22224*u + 600055. Determine j(27).
7
Let t(o) = -o**3 + 151*o**2 - 141*o - 2147. Calculate t(150).
-797
Let m(t) = 28370*t - 113401. Calculate m(4).
79
Let z(y) = 1049751*y - 11547262. What is z(11)?
-1
Let k(i) = 7*i**3 - 5*i**2 + 36*i + 229. What is k(-4)?
-443
Let z(m) = 2*m**3 - 176*m**2 - 154*m - 1969. What is z(89)?
167
Let p(u) = 65*u**2 + 599*u + 2. What is p(-7)?
-1006
Let c(o) = -o**3 + 16*o**2 + 46*o - 306. Give c(19).
-515
Let i(s) = s**3 + 10*s**2 + 5972*s + 65826. Calculate i(-11).
13
Let k(y) = -y**3 + 63*y**2 + 10*y + 7892. Determine k(65).
92
Let o(h) = -3*h**3 - 118*h**2 - 650*h + 91. Calculate o(-32).
-1637
Let a(s) = -s**3 - 18*s**2 + 528*s + 10983. Give a(-23).
1484
Let g(d) = 5599*d + 22412. Give g(-4).
16
Let f(o) = o**2 + 295*o - 21634. What is f(-354)?
-748
Let i(y) = 3843*y + 76974. Calculate i(-20).
114
Let m(l) = -3*l**2 - 83*l + 2081. What is m(15)?
161
Let t(d) = 2*d**2 + 2054*d - 167565. Calculate t(76).
91
Let l(t) = 5662149*t - 11324293. What is l(2)?
5
Let d(v) = 10*v**3 - 60*v**2 - 2235*v + 11188. Determine d(5).
-237
Let q(t) = -17*t**2 - 6869*t + 20348. What is q(-407)?
-2
Let b(z) = -9*z**3 + 22*z**2 + 424*z - 1219. Calculate b(3).
8
Let o(m) = -378*m - 46451. Calculate o(-123).
43
Let s(l) = 6167*l + 1085377. Calculate s(-176).
-15
Let s(q) = 9361*q - 4118833. Calculate s(440).
7
Let a(k) = -179441*k**2 - 2871054*k + 2. What is a(-16)?
-30
Let f(y) = y**2 - 231*y + 8479. Determine f(46).
-31
Let m(v) = v**3 + 327*v**2 - 2027*v - 9664. What is m(-333)?
-7
Let a(w) = 158*w**2 + 27*w + 20. Give a(-2).
598
Let z(v) = -v**3 - 28*v**2 + 420*v + 11926. Determine z(-26).
-346
Let j(k) = -27770*k + 5026432. Calculate j(181).
62
Let f(n) = -n**3 - n**2 + 13*n + 594. What is f(0)?
594
Let p(a) = 13321*a - 6753744. What is p(507)?
3
Let f(j) = -3*j**3 - 7*j**2 + 1097*j - 58. Calculate f(18).
-76
Let z(c) = 21*c**3 + 203*c**2 - 38*c + 32. Give z(-10).
-288
Let d(a) = a**3 + 13*a**2 - 120*a - 1559. Calculate d(-11).
3
Let p(q) = -20237*q - 181940. Determine p(-9).
193
Let l(s) = 2*s**3 - 164*s**2 - 176*s + 178. What is l(83)?
-652
Let x(q) = 6635*q - 1021752. What is x(154)?
38
Let w(h) = -2*h**3 - 191*h**2 + 1610*h - 11. Determine w(9).
-2450
Let o(y) = 91*y**3 + 17*y**2 - 20*y - 36. Give o(-1).
-90
Let b(k) = 331*k + 3410. What is b(-12)?
-562
Let z(u) = -41*u**3 - 17*u**2 - 45*u - 22. Determine z(-3).
1067
Let y(r) = -631*r**2 - 2038*r - 1. Determine y(-3).
434
Let a(b) = -546*b**2 - 24574*b + 55. Calculate a(-45).
235
Let l(m) = -84*m - 2788. Determine l(-33).
-16
Let j(s) = 2*s**2 + 418*s - 33543. What is j(62)?
61
Let x(k) = -667*k + 39661. Determine x(63).
-2360
Let g(b) = 2*b**3 - 79*b**2 + 172*b + 78. What is g(37)?
-403
Let i(x) = x**2 - 2653*x - 40017. Give i(-15).
3
Let z(k) = -13*k**2 + 9*k + 127. Calculate z(11).
-1347
Let g(w) = -3*w**2 + 912*w + 88012. Calculate g(381).
1
Let r(l) = -106*l - 2535. Give r(-8).
-1687
Let m(v) = 19*v**3 - 111*v**2 + 139*v - 30. Calculate m(5).
265
Let b(t) = -124412*t - 870888. What is b(-7)?
-4
Let x(a) = 3473*a - 100443. Give x(29).
274
Let y(b) = -2*b**2 + 724*b - 50105. What is y(269)?
-71
Let d(s) = -s**3 - 146*s**2 + 415*s - 4549. Determine d(-149).
219
